70, 0 = -3*x + 4*d + 118. Suppose -3*k - 10 = -58. What is the remainder when x is divided by k?
14
Let i(h) = h**3 - 11*h**2 + h + 6. Suppose 15 + 7 = 2*w. Calculate the remainder when 50 is divided by i(w).
16
Suppose 6*g - 21 - 45 = 0. What is the remainder when 20 is divided by g?
9
Suppose 12 = -3*d - 5*k + 29, 0 = -3*d - k + 13. Suppose -4*t + d = -2*t. Suppose 28 = -0*b + t*b. Calculate the remainder when 40 is divided by b.
12
Calculate the remainder when (20/(-30))/(4/(-114)) is divided by 10.
9
Suppose 11*o - 13*o + 218 = 0. What is the remainder when o is divided by 14?
11
Suppose -u + 4 = -3*q, -2*u = -6*u + 2*q - 14. What is the remainder when 61 is divided by ((-8)/(-6))/(u/(-60))?
13
Calculate the remainder when (-6)/21 + (-1876)/(-49) is divided by 10.
8
Suppose -3*h = -18 - 3. Suppose 5 = 4*u - h. What is the remainder when u is divided by 2?
1
Calculate the remainder when 10 is divided by (0 + 4)*(-15)/(-20).
1
Let i(x) = -x**2 - 8*x - 4. What is the remainder when (63/6)/((-1)/(-2)) is divided by i(-6)?
5
Let u(j) = -j + 34. Let t be u(0). Suppose 2*q = -y + t, -3*y = 4*q - 92 - 4. Calculate the remainder when y is divided by 10.
8
Let d(c) = c + 12. Let l be d(-10). Suppose -2*i + 2 = -l. Suppose -2*j - i*j = -60. Calculate the remainder when j is divided by 9.
6
Let o(x) = x**2 + 4*x - 29. Calculate the remainder when 61 is divided by o(-9).
13
Suppose 5*h = 2 + 13. Suppose -117 = -h*c - 3*g, -140 = -7*c + 3*c + 4*g. What is the remainder when c is divided by 13?
11
Let n = 52 + -31. Let t = n + -12. What is the remainder when 25 is divided by t?
7
Let f = 4 + 2. What is the remainder when (2/(f/(-33)))/(-1) is divided by 7?
4
Let c = 36 + -17. Calculate the remainder when c is divided by 12.
7
Let l = -9 + 29. Let o be -3 + (4 - 1 - 115). What is the remainder when (-7)/14*(o - -1) is divided by l?
17
Let j = 0 + -8. Let h be (-30)/(-4)*j/(-12). Suppose -h = -4*f + 23. What is the remainder when f is divided by 4?
3
Let f(x) = -12*x**2 + 4*x + 8. Let t be f(6). Let j(y) = -4*y + 2. Let d be j(-3). Calculate the remainder when 41 is divided by t/(-28) - 4/d.
13
Let x = 72 - 45. Calculate the remainder when x is divided by 10.
7
Let w = -45 - -103. Calculate the remainder when w is divided by 16.
10
Suppose 3*k - 46 = k. Let h = k - 11. Let r = 35 + -1. What is the remainder when r is divided by h?
10
Suppose 4*z = l - 2*l - 11, l - 34 = 5*z. Let d = -7 + l. What is the remainder when 2 is divided by d?
0
Let y = 482 - 299. Calculate the remainder when y is divided by 47.
42
Let t(j) = -j - 1. Suppose 0 = -2*f - 7 - 1. Calculate the remainder when t(f) is divided by 2.
1
Let v(s) = s - 7. Let b be v(7). Suppose b = -0*r - r + 7. What is the remainder when r is divided by 1/2*6/1?
1
Suppose 2*u - 2 = c, -5*c - 4*u + 24 + 36 = 0. What is the remainder when c is divided by 3?
2
Let f(o) = 4*o + 12. Let v be f(5). Let s = 79 - v. Calculate the remainder when s is divided by 12.
11
What is the remainder when 119 is divided by (3 + (-18 - 3))*10/(-6)?
29
Let t = 12 - 7. Suppose r + r + 23 = 3*l, t*l = 4*r + 39. Let c(d) = -13*d - 1. Calculate the remainder when c(-1) is divided by l.
5
Calculate the remainder when 2/(-12) + (1159/6)/1 is divided by 13.
11
Let z = -18 + 65. What is the remainder when z is divided by 12?
11
What is the remainder when 36 is divided by (2*-3 - 0)/(2 + -4)?
0
Suppose -y = 7*y - 24. What is the remainder when -2 + (12 - (0 - -2)) is divided by y?
2
Suppose -3*f + 68 = 3*a - f, -4*f - 8 = 0. Calculate the remainder when 70 is divided by a.
22
Let k = 5 - -7. Calculate the remainder when 33 is divided by k.
9
Suppose -71 = -4*u - 7. Let j = -9 - -22. Let f = 19 - j. Calculate the remainder when u is divided by f.
4
Suppose -7*d = -5*d - 14. What is the remainder when d is divided by 3?
1
Let u = 1 - 5. Let j = 11 + u. Calculate the remainder when 18 is divided by j.
4
Let x = 237 + -125. Suppose -2*c - x = -4*h, 0*h - 3*c + 112 = 4*h. Calculate the remainder when h is divided by 10.
8
Let t be -2 - 1*-42 - 2. Suppose -2*d = 5*w - w + 4, 5*d - 2*w = t. Suppose -s - 6 = -d*s - 2*g, 4*g = -s - 6. Calculate the remainder when s is divided by 2.
0
Suppose f - 14 = -0*f. Let n be (-7)/2*34 + 2. Let s = -77 - n. Calculate the remainder when s is divided by f.
12
What is the remainder when 62 is divided by -21*(75/(-105) + 2/(-7))?
20
Let q = 0 + 4. Suppose 20 = 5*c + 3*z - 8*z, -c + 4*z = -10. What is the remainder when q is divided by c?
0
Let t(v) = v + 14. Calculate the remainder when 48 is divided by t(-4).
8
Suppose 2*a + 232 = -0*a. Let x = -78 - a. What is the remainder when x is divided by 20?
18
Let z(l) = -l**2 + 3. Let c be z(0). What is the remainder when (c + -1)*(1 + 0) is divided by 1?
0
Suppose -s + 5*v = -28, -4*s + 3*s = -3*v - 32. What is the remainder when s is divided by 5?
3
Let y(d) = -d**3 - 3*d**2 + 4*d + 5. Let m be y(-4). Suppose m*t = -32 + 332. Suppose 230 + t = 5*k. What is the remainder when k is divided by 20?
18
Let w = 6 - 5. Let o(n) = 14*n + 1. Calculate the remainder when 28 is divided by o(w).
13
Suppose 0 = 5*w - 15. Suppose -3*m - p - 71 = 0, -w*m - 61 = -3*p - p. Let i = -6 - m. What is the remainder when i is divided by 9?
8
Suppose 4*v = -5*h + 42, -2*h - 49 = -3*v + 3*h. Let l(g) = -g + 12. Let i be l(v). Calculate the remainder when i - 0 - (-14)/1 is divided by 8.
5
Let v(u) = u + 7. Let a = 9 + -14. Let n be v(a). What is the remainder when 34 is divided by 3/n*(11 - -1)?
16
Suppose s + 2*t + 255 = 0, 4*s = 5*s + t + 255. Suppose -6*l + 3*l = -18. Calculate the remainder when s/10*(-2)/3 is divided by l.
5
Let o = 29 - 41. Let f = 25 - 18. What is the remainder when 2 + (-2 - (1 + o)) is divided by f?
4
Suppose -z = -5*z - 8. Let h be -6 + (-3)/(-3) + z. Let r(y) = y**3 + 7*y**2 - 5*y - 1. Calculate the remainder when r(h) is divided by 9.
7
Suppose 4*s = 113 - 25. Let c = s - 11. Calculate the remainder when 31 is divided by c.
9
Let f = 28 - 14. Let g(o) = o - 10. Let x be g(7). Let n(v) = -v**3 - v**2 + 5*v + 2. Calculate the remainder when f is divided by n(x).
4
Let r be (-2 - 0/3) + 22. Suppose -8*y = -3*y - r. Suppose 0 = -3*a + 7 - 1. What is the remainder when y is divided by a?
0
Let r(n) = n**3 - 3*n**2 - 5*n + 3. Let d be r(5). Let u = d + -19. What is the remainder when 16 is divided by u?
7
Let c = -67 - -116. What is the remainder when c is divided by 10?
9
Suppose -b = -2, 2*d + 0*b = 5*b + 56. Let o = -11 + d. What is the remainder when o is divided by 6?
4
Let c(d) = -d**2 + d + 12. What is the remainder when 45 is divided by c(0)?
9
Suppose 16 = -4*f, 4*a + 3*f = 6*f + 464. What is the remainder when a is divided by 29?
26
Let u = 33 + -23. Calculate the remainder when 46 is divided by u.
6
Suppose -x = -2*m - 0*x + 77, 0 = -x - 1. What is the remainder when m is divided by (2/6)/(13/390)?
8
Let b(f) be the first derivative of -f**3/3 + 2*f**2 + 7*f + 1. Calculate the remainder when 2 is divided by b(5).
0
Suppose 4*k = 1 + 19, 17 = -2*v + 3*k. What is the remainder when 3 is divided by (6 + -5)/(v - -2)?
0
Let p(c) = -2*c**2 - c - 2. Let b be p(-2). Let y = b + 25. Calculate the remainder when y is divided by 9.
8
Let f = 68 + -37. What is the remainder when f is divided by 16?
15
Let j(h) = h**3 - 4*h**2 - 4*h - 7. Let r be j(5). Let q = -1 - r. What is the remainder when 3 is divided by q?
0
Let y be 8/24 + 5/3. Suppose y*l + 8*m - 5*m = 21, -39 = -4*l - 5*m. What is the remainder when l is divided by 4?
2
Let s = -135 + 213. Calculate the remainder when s is divided by 40.
38
Let l be 0*(1 + 1 + -1). Suppose l*a + a = 29. What is the remainder when a is divided by 7 - (-6 + 12/4)?
9
Suppose 0 = -5*l - 5*m - 28 - 2, 4*l - m - 1 = 0. What is the remainder when ((-24)/(-1) + l)/1 is divided by 6?
5
Let w = -42 + 162. Suppose n - 38 = -k, -4*k - w = -7*k + 3*n. Suppose 2*q = -3*q + 70. What is the remainder when k is divided by q?
11
Let n = -16 + 19. Suppose -56 = -n*a - 17. Let v(w) = 7*w + 3. What is the remainder when v(3) is divided by a?
11
Let s(c) = c**3 - 11*c**2 - 13*c + 17. Let h be s(12). Suppose 5*b - 2*b - 3*i = 21, -h*b - 2*i = -14. Calculate the remainder when 7 is divided by b.
3
Suppose 4*u = 7 + 1. Suppose -5 = u*f - 1. Le